16 - -126. Suppose -26*q + t = -36*q. Let d(r) = -8*r**3 - 2*r**2 - 2*r - 1. Give d(q).
7
Let z(x) = 24*x**2 + 14*x. Let n(h) = -212 + 5*h**2 + 212 + 3*h. Let a(q) = 14*n(q) - 3*z(q). Let r = -8 + 10. Determine a(r).
-8
Let f(v) = -147885*v**2 - 85 + 19 - 2*v + 147886*v**2. Give f(-6).
-18
Let g(m) be the third derivative of -m**4/12 + 7*m**3/3 + 84*m**2. Let q = -221 + 231. Give g(q).
-6
Suppose 0 = -8*v - 17*v + 5*v. Let s(i) = -i + 1. Let c(j) = 4*j - 8. Let k(f) = c(f) + 5*s(f). Give k(v).
-3
Let u = 3935 + -3933. Let x(d) = 3*d**3 - 2*d**2 - d - 1. Determine x(u).
13
Let p = -9 - 93. Let n = -50 - p. Let m(h) = -n*h**2 + 101*h**2 - 2*h - 8 - 48*h**2. What is m(6)?
16
Suppose -4*v - 2*z = -3*v - 2, -v = -5*z + 12. Let i(h) = -22*h - 63. Let t be i(-3). Let d(b) = -t*b**2 + b**2 - 7*b - 6*b - b**2 - 2 + 9*b. Determine d(v).
-6
Let v = 2271 - 2227. Let s(t) = 2*t - 83. Calculate s(v).
5
Let u(v) = 3*v - 70. Let t be u(24). Let r(d) = 2*d**t - 103*d - 2 + 204*d - 106*d. Suppose 4*z = -a - 2*a - 8, 2*z + 10 = 0. Determine r(a).
10
Let y be 1/((-29 - -47) + 20/(-2) - 7). Let k(j) be the first derivative of j**2/2 + j + 1. What is k(y)?
2
Let k = 30 + 5. Let z(w) = k*w - 13*w - 20*w. Determine z(2).
4
Let n(q) = -2*q**2 + 2*q. Let h = -22 + 17. Let x = h - -27. Suppose m + 7 = 2*g + 1, -x = -m - 5*g. Calculate n(m).
-4
Let u(i) = -5*i - 1. Suppose 12*c - 3768 - 1424 = -106*c. Let v be 92/(-2) - -1 - 1. Let z = c + v. Determine u(z).
9
Let h(n) be the second derivative of -4*n**3/3 + 6*n**2 - 1393*n. What is h(6)?
-36
Let j be (1 + (-2)/3)*(-3 + 21). Let p(u) = -j - 7 + 1 + 17. Let y(x) = -x - 16. Let q(b) = -7*p(b) - 2*y(b). What is q(5)?
7
Let w(y) = -11*y**3 + 3*y**2 + 9*y + 9. Let l(k) = -25*k**3 + 8*k**2 + 20*k + 19. Let c(g) = 4*l(g) - 9*w(g). What is c(4)?
7
Let p(k) = -2*k**3 + 2 + 0*k**2 - 7*k + 3*k**3 - 4*k**2. Let v(i) = -15*i - 15. Let n be v(-1). Suppose -3*w = 5*b - 10, n = -6*w + 7*w + b - 4. Calculate p(w).
-8
Let q be ((36/(-10))/3)/(4/(-10)). Let t(g) = -g**2 + 2 - 4*g**3 + g**q - 4*g**3 + 5*g + 8*g**3. Let r be t(0). Let w(u) = -3*u - 1. What is w(r)?
-7
Let i(z) = 12*z - 8. Let l be (-2)/(5 - (-5)/(9/((-108)/10))). Give i(l).
16
Let q(g) = -g**2 + 5*g. Let j(f) = 30*f - 18. Let h be j(7). Let t = 196 - h. Give q(t).
4
Suppose 0 = -3*j + i + 1 + 3, j + 3*i = -12. Let z = 2 + j. Let q(t) = -z*t - t**2 - 11*t**2 + 8*t**2 - 2*t**3 - 4. Give q(-3).
20
Let y(u) = -3*u + 22. Suppose -21*p = 72*p - 186. Give y(p).
16
Let b(d) = -10526*d - d**3 + 10521*d - 73 + 81 + 13*d**2. Give b(13).
-57
Let o(g) = 13*g**2 - 11*g**2 + 171126 - 171125. Calculate o(-1).
3
Let i = -3014 - -3021. Let w(b) = 5*b - 39. Calculate w(i).
-4
Suppose 2*l = 4*b, -119 = -4*b + 6*l - 111. Let k(o) = -16*o**2 + o - 1. Determine k(b).
-18
Suppose -6 + 0 = -2*y, 1305 = -3*f - 4*y. Let b = f + 450. Let t(x) = -x**3 + 12*x**2 - 11*x + 12. Calculate t(b).
12
Let f(n) = 2*n + 1. Let y be -6*(-5 + (-88)/(-16)). Let w(g) = g. Let m(o) = y*f(o) + w(o). What is m(3)?
-18
Suppose -8*g - 69 = 15*g. Let k be (g*(-3)/(-36))/((-2)/(-56)). Let u(r) = r**3 + 7*r**2 - 2*r + 9. Determine u(k).
23
Let d(z) = -104*z**2 + 9*z + 16. Let m(w) = -150*w**2 + 13*w + 23. Let k(i) = -10*d(i) + 7*m(i). Give k(-2).
-41
Let v(r) be the second derivative of 1/12*r**4 + r - r**2 + 113 + 7/6*r**3. Let d be ((-16)/(-6))/(1/(-3)). Give v(d).
6
Let k(j) be the first derivative of -4*j**2 - 61*j - 14815. Determine k(0).
-61
Let g(f) be the third derivative of -7*f**4/12 - f**3/3 + f**2 - 622*f. Determine g(0).
-2
Let w(g) be the second derivative of -g**3/6 + 21*g**2/2 + 234*g + 2. Suppose 0 = -d - 0*n + 4*n - 8, 0 = -2*d - 2*n + 4. Calculate w(d).
21
Let k(c) = -5*c - 4 - 2 - c**2 + 4 - 5*c + 12*c. Let q(s) = 5*s**2 - 12*s + 11. Let n(z) = -4*k(z) - q(z). Calculate n(4).
-3
Let b(d) = d**2 - 5*d + 2. Let o = 66 + -58. Let a be (o/6)/((-28)/(-126)). Suppose a*l - 18 = 3*l. Determine b(l).
8
Let c(z) = 274*z + 552. Let j be c(-2). Let i(u) = u**3 - 2*u**2 - u - 9. Calculate i(j).
19
Let l(k) = -k**2 + 6*k + 5. Let i be (-5 - -4) + (0/(-1) - -4). Suppose -i*y - 41 = -62. Determine l(y).
-2
Let o(a) = -4*a**2 + 20*a + 14. Let k(c) = -7*c**2 + 39*c + 42. Let r(t) = 3*k(t) - 5*o(t). Give r(20).
-4
Let d(g) = -3*g**2 + 75*g - 14. Suppose -7*a + 3*a = 3*x - 75, 50 = 2*x + a. What is d(x)?
-14
Let a(m) = 2*m**3 - 7*m**2 - 6*m + 1. Let i(v) = -v**3 + 7*v**2 + 6*v. Let y = -100 - -103. Let b(t) = y*i(t) + 2*a(t). What is b(-6)?
2
Let v(k) = 42*k**3 + 3*k**2 - 5*k - 15. Let s(y) = 25*y**3 + 2*y**2 - 3*y - 7. Let n(h) = 5*s(h) - 3*v(h). Determine n(0).
10
Let n be (1*(-4)/8)/((-4)/208). Suppose 5*u + 2*g = 19, g - n = -4*u - 9. Let i(s) = 9 + 4*s - 3*s + 3*s - u*s. What is i(7)?
2
Let g(x) = 61*x**2 - 38*x + 83. Let s(i) = 49*i**2 - 37*i + 86. Let k(c) = -4*g(c) + 5*s(c). Determine k(30).
8
Suppose -5*x - 4*k = -44, -k = 2*x - 5*k - 12. Let v(n) = 10*n + 15*n + x*n + 15*n - 41*n. What is v(-2)?
-14
Let m(q) = 0*q**3 - 8*q + 35 - 27 - q**3 + 15*q + 7*q**2 - 5*q. Give m(7).
22
Let n = 352 + -300. Let o be 2/(n/8 + -6). Let s(a) = -2 - 1 + a + 1. Calculate s(o).
2
Let n(q) be the first derivative of -6*q + 312 - 5/2*q**2 + 1/3*q**3. Suppose 3*m = -4*v + 4*m + 26, -4*m + 16 = 4*v. Determine n(v).
0
Let m(k) = -104*k - 100*k + 299*k + 26 - 97*k. What is m(6)?
14
Let w(u) = 19*u - 3. Let d(z) = z**2 + 6*z - 5. Let q be d(-6). Let a(p) = 18*p - 3. Let n(t) = q*w(t) + 6*a(t). Calculate n(2).
23
Let v(d) = d**3 - 13*d**2 + 12*d. Let t be ((-1448)/40 + 7)*5. Let g = t - -158. Give v(g).
0
Let o(x) be the second derivative of -x**5/20 - 5*x**4/12 - 3*x**3/2 - 8*x**2 + 7736*x. What is o(-4)?
4
Let i(k) be the second derivative of 2/3*k**3 - 2 - 88*k - 4*k**2. Calculate i(2).
0
Let k(o) = 9*o + 22. Suppose 8*g + 3 = 3*g - y, -4*g + 4 = 4*y. Determine k(g).
13
Let n = 249 + -239. Let o(p) = -3*p + 16*p - n*p - 7*p. Determine o(-4).
16
Let u(b) = -b**2 - b + 6. Let t be (-4 - 96/(-21))*21/3. Suppose t*s + 37 = d + 4*d, -5*d = -25. Calculate u(s).
0
Suppose -15*s - 12 = -0*o - 4*o - 4*s, 0 = s. Let n(g) be the second derivative of 1/20*g**5 + 12*g + 0 + 3/4*g**4 + 4*g**2 + 4/3*g**o. Give n(-8).
8
Let p(d) be the first derivative of -d**3/3 - 5*d**2/2 - d + 2129. Calculate p(-2).
5
Let d = -8 - -13. Let t(n) = 2*n - 667. Let h(f) = -13*f + 4010. Let j(v) = h(v) + 6*t(v). Determine j(d).
3
Let u(l) = l + 2. Let w(q) = q + 1. Let r(i) = -6*u(i) + 5*w(i). Let a be r(-3). Let d(h) = -3 - h + 2*h + 3196*h**2 - 3195*h**2. Give d(a).
9
Let f be 4 - 1*(10 + -13) - 8. Let a(b) = -3*b - 11. Determine a(f).
-8
Let k(m) = m**2 + 17*m - 239. Suppose q - 11*i - 10 = -10*i, 35 = 4*q + i. Determine k(q).
-5
Let a(o) be the second derivative of -o**6/240 - o**4/4 + 6*o. Let d(m) be the third derivative of a(m). Let p = 633 + -630. Give d(p).
-9
Suppose 5*i + x - 401 = 0, 403 = 6*i - i + 3*x. Let k = i + -79. Let r(p) = 9*p**3 + 5*p**3 - 6 - p**2 + 0*p + 2*p + 5. Give r(k).
14
Let p = -9191 - -9195. Let y(a) = -44*a + 172. Determine y(p).
-4
Let f(b) be the first derivative of -b**4/4 - 7*b**3/3 - 5*b**2/2 - 3*b + 1. Suppose -719 = -332*t - 2711. What is f(t)?
-9
Let c(w) be the second derivative of w**3/3 + 13*w**2/2 + 2533*w. What is c(10)?
33
Let f(i) be the second derivative of -5*i**3/6 + 9*i**2/2 - 1019*i - 1. Give f(-9).
54
Let g(a) = 19 + 3749*a**2 + a + a + 9*a - 3750*a**2. Determine g(12).
7
Let c(k) = 2*k**2 - 5*k - 46. Let i be (-440)/(-176)*(-18)/(-5). What is c(i)?
71
Let m = 592 + -905. Let n = m + 317. Let t(j) = -8*j + 2. Give t(n).
-30
Let i(g) = g**3 - 2*g**2 + 7*g + 1. Suppose -3*h = 2*s + 10, 3*h + 23 = -3*s + 8. Let q(x) = 3*x**2 + x + 1. Let k(m) = s*q(m) - i(m). Determine k(-12).
-6
Let o = -98 + 286. Let f = 186 - o. Let n(a) = -3*a**2 + 1. Give n(f).
-11
Let s = -61 - -99. Suppose 2*m + 146 = s. Let n be 2 + (2/(-6))/(6/m). Let l(f) = f + 6. Determine l(n).
11
Let r(x) = 3*x + 6. Suppose -b + 192 = f - 0*b, 5*b = 4*f - 732. Let t = -192 + f. What is r(t)?
-6
Let l(p) be the third derivative of -p**6/720 + p**5/20 + 37*p**4/8 - 55*p**2. Let y(a) be the second derivative of l(a). Determine y(0).
6
Let c(r) = r + 10. Let t be (735/9)/(9/27). Suppose 4*i = 63 + t. Let a = -87 + i. Determine c(a).
0
Let u(m) = m + 6*m - 5*